nder when 47130 is divided by 2674.
1672
What is the remainder when 182005 is divided by 1081?
397
What is the remainder when 171977 is divided by 1400?
1177
Calculate the remainder when 3461238 is divided by 89.
28
Calculate the remainder when 22630876 is divided by 4.
0
Calculate the remainder when 135734 is divided by 13573.
4
What is the remainder when 38415 is divided by 2114?
363
Calculate the remainder when 20902 is divided by 20328.
574
What is the remainder when 1327237552 is divided by 35?
32
What is the remainder when 10066063 is divided by 3842?
23
What is the remainder when 8847569 is divided by 267?
257
Calculate the remainder when 402522 is divided by 338.
302
What is the remainder when 2914017 is divided by 107?
86
What is the remainder when 240797 is divided by 563?
396
Calculate the remainder when 635939 is divided by 180.
179
Calculate the remainder when 1068281 is divided by 19408.
841
What is the remainder when 45389 is divided by 1165?
1119
Calculate the remainder when 2076899 is divided by 782.
689
What is the remainder when 14162649 is divided by 29?
6
What is the remainder when 12053212 is divided by 16?
12
What is the remainder when 71625 is divided by 906?
51
Calculate the remainder when 5732106 is divided by 955351.
0
Calculate the remainder when 13143772 is divided by 862.
858
Calculate the remainder when 6764767 is divided by 920.
7
What is the remainder when 463038 is divided by 1149?
1140
What is the remainder when 213935 is divided by 15278?
43
Calculate the remainder when 641151 is divided by 981.
558
What is the remainder when 9980512 is divided by 2119?
22
What is the remainder when 603970 is divided by 301983?
4
What is the remainder when 4613069 is divided by 7753?
34
What is the remainder when 284900 is divided by 142333?
234
What is the remainder when 402275 is divided by 23663?
4
Calculate the remainder when 3244155 is divided by 3001.
74
What is the remainder when 1951 is divided by 5?
1
What is the remainder when 368109576 is divided by 20?
16
Calculate the remainder when 236318 is divided by 39385.
8
Calculate the remainder when 51136708 is divided by 117.
103
What is the remainder when 494630 is divided by 458?
448
What is the remainder when 2401070 is divided by 1691?
1541
What is the remainder when 15747021 is divided by 1312251?
9
What is the remainder when 13052 is divided by 6256?
540
What is the remainder when 1843500 is divided by 307250?
0
What is the remainder when 192809 is divided by 2?
1
What is the remainder when 6850090 is divided by 1069?
1007
Calculate the remainder when 64936 is divided by 3203.
876
What is the remainder when 16928136 is divided by 458?
456
What is the remainder when 489403 is divided by 1794?
1435
What is the remainder when 1012051 is divided by 453?
49
What is the remainder when 13900568 is divided by 26?
6
Calculate the remainder when 9177105 is divided by 3059007.
84
What is the remainder when 9129979 is divided by 32607?
19
Calculate the remainder when 184765 is divided by 183783.
982
What is the remainder when 15317467 is divided by 112?
11
What is the remainder when 2087625 is divided by 2087611?
14
What is the remainder when 1007329 is divided by 355?
194
What is the remainder when 5065955 is divided by 108?
107
Calculate the remainder when 116222 is divided by 57354.
1514
Calculate the remainder when 27838224 is divided by 4316.
24
What is the remainder when 750979 is divided by 21?
19
Calculate the remainder when 136900 is divided by 11.
5
What is the remainder when 91770585 is divided by 171855?
15
What is the remainder when 1324542 is divided by 1324507?
35
Calculate the remainder when 1742507 is divided by 599.
16
Calculate the remainder when 6430483 is divided by 39.
7
What is the remainder when 4119601 is divided by 81?
22
Calculate the remainder when 836080125 is divided by 204.
201
Calculate the remainder when 33744845 is divided by 1030.
1015
Calculate the remainder when 999619 is divided by 36.
7
What is the remainder when 1406144 is divided by 1672?
1664
What is the remainder when 93426144 is divided by 5150?
5144
Calculate the remainder when 2452509 is divided by 1226238.
33
What is the remainder when 39136018 is divided by 2328?
10
What is the remainder when 7752399 is divided by 2117?
2062
What is the remainder when 21167687 is divided by 112594?
15
Calculate the remainder when 14858710 is divided by 232167.
22
What is the remainder when 5489830 is divided by 14?
10
What is the remainder when 333389 is divided by 55484?
485
What is the remainder when 170383 is divided by 167?
43
What is the remainder when 24147525 is divided by 397?
0
What is the remainder when 34905475 is divided by 332433?
10
What is the remainder when 981817 is divided by 4500?
817
What is the remainder when 344453 is divided by 250?
203
What is the remainder when 2044312 is divided by 855?
7
What is the remainder when 42440111 is divided by 458?
457
Calculate the remainder when 526719 is divided by 1477.
907
What is the remainder when 4784208 is divided by 5778?
24
What is the remainder when 2712590 is divided by 1030?
600
Calculate the remainder when 21538455 is divided by 140.
15
What is the remainder when 226236 is divided by 1332?
1128
What is the remainder when 262166 is divided by 328?
94
What is the remainder when 24390 is divided by 84?
30
What is the remainder when 19261828 is divided by 850?
828
What is the remainder when 538766 is divided by 20715?
176
Calculate the remainder when 7107759 is divided by 1776935.
19
Calculate the remainder when 54401 is divided by 18021.
338
What is the remainder when 1587595 is divided by 466?
399
Calculate the remainder when 449752 is divided by 14965.
802
What is the remainder when 3456647 is divided by 407?
403
Calculate the remainder when 105203 is divided by 855.
38
Calculate the remainder when 1590675 is divided by 2908.
2907
Calculate the remainder when 952642 is divided by 154.
152
Calculate the remainder when 188213604 is divided by 1863501.
3
What is the remainder when 56641 is divided by 59?
1
What is the remainder when 1097364 is divided by 172?
4
What is the remainder when 1319604 is divided by 134?
106
What is the remainder when 3064534 is divided by 1116?
1114
Calculate the remainder when 3103878 is divided by 214.
22
Calculate the remainder when 10924832 is divided by 3641606.
14
Calculate the remainder when 90852718 is divided by 82.
80
Calculate the remainder when 1021743 is divided by 26887.
37
Calculate the remainder when 445662 is divided by 687.
486
What is the remainder when 1102903 is divided by 592?
7
What is the remainder when 10226426 is divided by 242?
232
What is the remainder when 28119953 is divided by 23?
15
What is the remainder when 959459730 is divided by 6116?
6114
Calculate the remainder when 54846941 is divided by 3544.
3541
What is the remainder when 36375 is divided by 5693?
2217
What is the remainder when 3939208 is divided by 1274?
0
What is the remainder when 6937618 is divided by 74597?
97
Calculate the remainder when 367018 is divided by 183391.
236
Calculate the remainder when 33727 is divided by 16829.
69
What is the remainder when 129733756 is divided by 231?
229
What is the remainder when 3065530 is divided by 3065504?
26
What is the remainder when 325180 is divided by 321601?
3579
Calculate the remainder when 22991520 is divided by 1393.
55
What is the remainder when 32703 is divided by 1131?
1035
What is the remainder when 385173790 is divided by 1629?
1627
What is the remainder when 1320652 is divided by 1876?
1824
Calculate the remainder when 433118 is divided by 1055.
568
What is the remainder when 1908280 is divided by 925?
5
Calculate the remainder when 802661454 is divided by 311.
310
Calculate the remainder when 1468519 is divided by 32.
7
What is the remainder when 9369210 is divided by 22?
4
What is the remainder when 1133487 is divided by 3047?
3
Calculate the remainder when 93151910 is divided by 2188.
2186
What is the remainder when 144797 is divided by 9049?
13
What is the remainder when 62841 is divided by 6188?
961
What is the remainder when 734117 is divided by 366990?
137
What is the remainder when 2853763 is divided by 20384?
3
Calculate the remainder when 